 = -20 + 25. Suppose -l + 6 = -h. What are the prime factors of l?
11
Suppose 0*x - 11 = x. Let c = 13 + x. What are the prime factors of c?
2
Suppose l + 36 = 5*l. List the prime factors of l.
3
Let k be 1 + -58*3/6. Let a = k + 63. List the prime factors of a.
5, 7
What are the prime factors of (-45)/(-3) + 2 + -4?
13
Let o(b) = b**2 - 5*b - 9. Suppose 3*w + w - 28 = 0. What are the prime factors of o(w)?
5
Suppose -3 = 5*p - 23. List the prime factors of p.
2
Let m(y) = y**2 - 7*y + 7. Let w be m(6). What are the prime factors of w/2 - 42/(-4)?
11
Let y = -7 - -10. Suppose 5*m - 8 = 4*m + y*z, -5*m + z = -54. List the prime factors of m.
11
Let d(n) = -4*n**2 - 3*n + 7. Let m(v) = v**2 + v - 1. Suppose -5*o = -3*p - 2*p + 20, 4 = -4*o. Let t(s) = p*m(s) + d(s). List the prime factors of t(0).
2
Suppose 0*m - 4*n = 2*m, -3*n = -2*m - 7. What are the prime factors of (-17)/m*14/7?
17
Let y be 2 + 0*3/9. Suppose 0 = 3*d + 1 - 52. Suppose -4*t - d = -5*c, c - 5 + y = t. What are the prime factors of t?
2
Let b be (2 + 2)*-1*-1. Let h = 2 + b. What are the prime factors of 4/(3/h*1)?
2
Let o be (-2 + (3 - 0))*-17. Let w = -8 - o. List the prime factors of w.
3
Let p(i) = -i**3 - 7*i**2 + 3*i + 1. Suppose 2*a + 6 = -10. What are the prime factors of p(a)?
41
Let u = -8 + 9. Let w be (-4)/(8/(-6)) + 0. Suppose k - u = w. What are the prime factors of k?
2
Let k(w) = -w**3 - 7*w**2 + 9. Let x be k(-7). Suppose -x = -5*m + 3*z, 5 = -5*m - 2*z - 1. Suppose m*d + d = 11. What are the prime factors of d?
11
Let y = -9 - 0. Let f = 20 + y. Let k = -4 + f. What are the prime factors of k?
7
Let w = -22 - -18. Let i(o) = -11*o + 11. List the prime factors of i(w).
5, 11
Suppose j + 3 = 1. Let i = j - -41. List the prime factors of i.
3, 13
Let g = -5 + 8. Suppose 4 = c - 1. Suppose g*j + 12 = c*j. List the prime factors of j.
2, 3
Let s(x) = x**2 + 4*x + 4. Let a be s(6). Let g = 107 - a. What are the prime factors of g?
43
Suppose -3*u + 0*u - 5*m + 34 = 0, 4*u - 3*m + 3 = 0. Suppose -3 = 2*b - 3*b. What are the prime factors of u/b + 1 - -8?
2, 5
Let x(n) = -54*n + 4. Let i be x(-3). Suppose -10 = 5*f, 5*a - f - i = -3*f. List the prime factors of a.
2, 17
Let n(y) = -y**2 + 7*y + 3. Let v be 0*(3/2 - 2). Suppose 2*h + q + q - 12 = 0, v = -2*h + q + 12. List the prime factors of n(h).
3
What are the prime factors of -3*((-5 - -2) + -6)?
3
Suppose -4*z = -5 - 3. Suppose 93 = z*u + 15. List the prime factors of u.
3, 13
Let p(l) = 1 - 1 - 2*l. Let o be p(4). Let k = o - -20. List the prime factors of k.
2, 3
Let q(r) = 4*r**2. Suppose -6 + 1 = 5*h. Let l be q(h). Suppose d + 1 - l = 0, 0 = -5*z - d + 43. What are the prime factors of z?
2
Suppose -4*t + 8 = -20. Suppose 4*i = 3*m - 26, 3*m - 3*i = t*m + 7. Let q(x) = 6*x. List the prime factors of q(m).
2, 3
What are the prime factors of 3/1 - 16*-1?
19
Let u(p) = -p**2 + 5*p + 3. Let i be u(4). Let s be i*((-16)/(-7) - -2). Suppose 4*q - s = q. List the prime factors of q.
2, 5
Suppose -6*s = -193 - 143. What are the prime factors of s?
2, 7
Let g(t) = 2*t - 12. Let z be g(8). Suppose v + z*v - 15 = 0. Suppose 0 = 4*y - 16, 3*w - v*y - 1 = -4. List the prime factors of w.
3
Suppose 4*r + 66 = -3*l, 3*l - 34 = 2*r + 5*l. Let n = 17 + r. List the prime factors of n.
2
Let q = 8 - 16. Let p = -2 + -2. List the prime factors of 3/p + (-62)/q.
7
Suppose 4*x - x + b - 296 = 0, -5*b - 203 = -2*x. List the prime factors of x.
3, 11
Suppose 2*w - 248 = -2*w. List the prime factors of w.
2, 31
Suppose 3*m = -3*a + 6, -5*a - 1 = -6*a - 2*m. Suppose 0 = 3*f - a*j + 6, 2*j = -3*f + 8*f - 2. List the prime factors of f.
2
Let n = 48 - 21. What are the prime factors of n?
3
Let c(x) = x - 7. Let k be c(7). Suppose n + 4 = -k*n. Let y = n - -11. List the prime factors of y.
7
Let l(s) = s**2 + 8*s - 19. What are the prime factors of l(-11)?
2, 7
Suppose -5*y + 140 = 5*l, l + 20 = -4*y + 126. What are the prime factors of y?
2, 13
Suppose 13 - 1 = -3*u. Let h = 4 + u. Suppose h = 4*t - 8, -3*t + 26 + 2 = 2*j. List the prime factors of j.
11
Let m = -95 - -164. List the prime factors of m.
3, 23
Suppose 2*x + 60 = 146. List the prime factors of x.
43
Let c = -82 + 327. What are the prime factors of c?
5, 7
Let t = 6 - 40. Let z = -16 - t. Suppose -4*k + 2*m = -20, -2*m + 3*m + z = 4*k. What are the prime factors of k?
2
Let w be -4*(-2 - (-30)/8). Suppose -4*o = -2*o - 2*p + 2, 3 = 3*o - p. List the prime factors of ((-30)/o)/(w/7).
3, 5
Suppose -w + 0*b + 33 = -b, -2*b + 84 = 3*w. What are the prime factors of w?
2, 3, 5
Let c = 2 + -1. Let o be (8/(-6))/(c/(-54)). Suppose -3*s = 4*t - o, t + 2*s + 29 = 2*t. What are the prime factors of t?
3, 7
Suppose 4*x + 0*x = 380. List the prime factors of x.
5, 19
Suppose -4*g + 2150 = 6*g. List the prime factors of g.
5, 43
Let w(y) = y**3 + 7*y**2 + 8*y + 9. Let a = -7 + 1. Let n be w(a). Let u = n + 5. List the prime factors of u.
2
Let k = 42 + -23. What are the prime factors of k?
19
Suppose -5*s - 45 = 2*n, 0 = -3*s + 2*n - 0*n - 27. Let j(u) = -3*u - 1. Let g be j(1). Let p = g - s. List the prime factors of p.
5
List the prime factors of ((-6)/(-12))/((-2)/(-20)).
5
Suppose -4*q = -2*z - z + 146, q = -2. What are the prime factors of z?
2, 23
Let f be (-1 - (-26)/4)*2. Suppose 2 - f = -i. List the prime factors of i.
3
Let f(h) = -h**3 - 2*h**2 - h + 3. Let p be f(-3). Suppose -2*q = -4*y - 12, 5*q = 4*y + y + p. Let w = 2 - q. List the prime factors of w.
2
Let y be 4/1 - (3 - 1). Suppose y*c - 18 = 20. What are the prime factors of c?
19
Suppose 0 = 2*d + 6 - 104. List the prime factors of d.
7
Suppose -3*w - 5*y = -200, -5*w - 205 = -3*y - 527. Suppose -p + w = -6*p. Let z = -8 - p. What are the prime factors of z?
5
Let z be 686/(-35) + (-4)/10. Let b = -5 - z. List the prime factors of b.
3, 5
List the prime factors of 3 + -9 + 3 + 31.
2, 7
Let r(l) = l**3 + 2*l**2 + l - 2. Let o be r(-3). Let c = o + 27. List the prime factors of c.
13
Let p(y) = -y**3 - y**2 - 2*y. List the prime factors of p(-2).
2
Let d be 31 + 3/(-3*1). Suppose 2*t - 2 = 3*b, -5*b - 3*t = -8*t + 10. Suppose 3*k = 3*r - d, -b*r + 17 = -0*k + k. What are the prime factors of r?
3
Suppose 0*a - 3*a = -9. Suppose -4*n - 2*k = -28, 0 = 5*n - k - 18 - 3. Let t = n - a. List the prime factors of t.
2
Suppose -2*q + q = v + 1, 0 = 2*q - 5*v - 33. Let g(k) = 9*k - 5. What are the prime factors of g(q)?
31
Let q = -9 + 31. What are the prime factors of q?
2, 11
Let m be ((-16)/20)/(4/(-10)). Suppose -l = m*r - 77, l + 2*l = -2*r + 247. Suppose -4*v + l = v. What are the prime factors of v?
17
Let m(q) = -q**3 + 15*q**2 - 6*q - 14. List the prime factors of m(14).
2, 7
Let v(i) = -i**3 - 4*i**2 + 2*i - 4. Let z(l) = 6*l**3 + 20*l**2 - 9*l + 19. Let c(t) = 11*v(t) + 2*z(t). List the prime factors of c(4).
2, 5
Suppose -293 = -2*r + 111. List the prime factors of r.
2, 101
Let b be (1 + -5)/(1/2). List the prime factors of (b - 2)/(-2)*2.
2, 5
List the prime factors of 9/6 - (-355)/10.
37
What are the prime factors of (1/2)/(-1 + 282/280)?
2, 5, 7
Let x be (-14)/63 - (-56)/9. Let r = 1 - -1. Suppose -3*w - 2*w - x = 3*h, -2*h + r*w = -12. List the prime factors of h.
3
Suppose -2*k - 10 = 3*j, -2*k + 4 = j + 10. List the prime factors of 1/(-4)*j*34.
17
Let r = 31 - 27. Let d = 64 + -46. Let t = d - r. List the prime factors of t.
2, 7
Suppose -2*q + 3*q - 2*i - 33 = 0, 3*i - 59 = -2*q. What are the prime factors of q?
31
Let f = 8 - 4. Let j be 2/f + 6/4. What are the prime factors of 4 + (4 - j - 3)?
3
Let c = 72 + -6. What are the prime factors of c?
2, 3, 11
Let s(h) = h**3 - 10*h**2 + h - 8. Let z be s(10). Let f(o) = -3 + z*o - o**2 - 4*o + 0*o**2 + 4*o**2. List the prime factors of f(-2).
13
List the prime factors of 1666/16 - 13/104.
2, 13
Suppose 0*z + 10 = -5*z. Let m = 12 - z. What are the prime factors of m?
2, 7
Let z = -3 - -1. Let i be 12*((-5)/2 - z). List the prime factors of (-88)/(-9) + i/(-27).
2, 5
Let y be (-3 - 2)*8/(-20). Suppose y*v = -1 + 9. What are the prime factors of v?
2
Let r(k) be the third derivative of k**5/60 - k**4/8 - k**3/3 - 6*k**2. Let a be (2 - -3) + 1/(-1). What are the prime factors of r(a)?
2
List the prime factors of (-3)/(3/280*-2).
2, 5, 7
Let j(f) = 2*f**3